(0 - 1)?
49
What is 2049 - 1962 - (-1 - 4 - ((-1 - -4) + 1))?
96
Evaluate 1 - (2 - (-18 - -4)) - (5823 - 5978).
140
1 - 13 - ((8 - (4 - 12)) + -33 - -36)
-31
What is -21 + 0 - (248 + -262) - (-86 - 4)?
83
What is the value of (48 - (5 + 13 + -7)) + (-6 - 0)?
31
What is 95 + -51 + (-29 - 2)?
13
What is (-2 - -14) + (77 + -132 - (14 + 2))?
-59
Evaluate -11 + 45 + -59 - -27 - (-1 + 57).
-54
Calculate 0 + (2 + 0 - 5) + 61 + (13 - 105).
-34
13 - (0 - (6 - (-2 + -1)) - -14 - -75)
-67
(30 - (3 - -36)) + -38 + -5 + (2 - -1)
-49
What is 33 - (23 - (16 + (-5 - 1)))?
20
-1 + -78 - (406 + -466)
-19
Evaluate 80 + (-78 - (-14 - 12)) + (-8 - -2).
22
What is the value of (30614 - 30643) + (2 - (0 - -1))?
-28
(-2 - (36 + 0)) + 1 - (138 + (-157 - -20))
-38
What is the value of (-3 - 0) + -3 - -9 - 10?
-7
5 + (-36 - -15) + 55 + 24
63
What is 16 + (73 - -37) - 32?
94
What is the value of (-13 - (69 + -100 - (1 + -12))) + (3 - -48)?
58
Evaluate 3 + (-4 - -4) + 26 + -644 + 638.
23
Calculate -104 - 6 - -12 - (44 - (45 - 17)).
-114
What is 22 - ((10 - 15) + 17 + -3) - 26?
-13
What is the value of 6 - -35 - 48 - -12?
5
(18 - 3) + (-36 - -19 - 58) - 3
-63
(4 + -19 - (-107 + 67 + (11 - 1))) + 8
23
Calculate -5 + -12 + (7 - (36 + -28)).
-18
(-34 - -26) + (7 + 0 - -74)
73
Evaluate (2 - 2 - 3) + (-19 - -9) + 1276 + -1334.
-71
What is 14344 + -14241 + 8 + 0?
111
Evaluate (-15 - ((-19 - 22) + 12)) + -39.
-25
Calculate (4 - 22) + -10 + 9 + 99.
80
What is the value of (66 - -3) + 74 + (-51 - 28)?
64
Evaluate 6395 - 6506 - (2 + -1 + (13 - -1)).
-126
29 - ((-42 - -63) + 12)
-4
Evaluate (-26 - 5) + (-8 - -13) + 12.
-14
12 + (-57 + 58 - (3 - -14))
-4
What is the value of -60 + 101 + -44 + (52 + 0 - (5 + -3))?
47
Evaluate -2 + -1 - (10 - 33) - (-4 - (-72 + 76)).
28
Evaluate (-2 - -1 - -10) + (-835 - -854).
28
Evaluate -36 - (69 - 56 - 21).
-28
Evaluate (3 + -1 - (14 + (4 - 7))) + -14.
-23
What is the value of (82 - 36 - 39 - 117) + -2 + 12 + 3?
-97
What is the value of -1 + -84 + 106 + (-191 - -49)?
-121
Calculate 1720 + -1738 + (-35 - -2 - -1).
-50
Calculate -1301 - -1237 - (-90 + -2).
28
Calculate -174 - -112 - (-1 - (3 - -7)).
-51
Calculate -16 + (-15 + 5 - -36 - 3).
7
What is the value of -17 + 1 - (76 + -257 - -249)?
-84
What is the value of (-410 - -133 - -384) + 1 + -11 + -1?
96
Evaluate -152 + 224 - (-52 + 70).
54
Evaluate -45 - (13 - (24 - (10 + -16))).
-28
1 + 1 + -79 + (8 - 2) + (13 - 14)
-72
What is the value of (-160 + 54 - -22) + 115?
31
What is 1 + ((-4 - -14) + -8 + 17 - -4 - 8)?
16
What is the value of 8 + 80 - (-550 - -611)?
27
1 + -12 + 11 + (-11 - (-20 - -37)) + 14
-14
Evaluate (-11 - -9) + 3 + 7 + -4.
4
57 - (-57 + (36 - -10))
68
-59 + 41 + 4 + -12
-26
What is the value of (8 - -7) + (-41 - -57 - 14)?
17
Calculate 128 + (36 - 218) + 77.
23
Calculate 213 + -205 + -18 + 0 + (0 - -3) + 20.
13
What is the value of (-9 - -1 - 2) + 17 + (4 - 13 - -14)?
12
What is the value of -104 - -98 - (62 - 61)?
-7
What is 25 + -19 + -17 - -44?
33
Evaluate (-7 - -18 - (60 - 36)) + -23.
-36
Evaluate -82 + (-65 - -68) + 67.
-12
What is (105 - 315) + 58 + 65?
-87
(10 - 19) + -2 + -4 + (-14 - -19) + -8
-18
-105 + 104 + -56 - -74
17
Calculate 2 + -1 - (-15 - (31 - 56 - 24)).
-33
What is the value of -17 - -12 - -20 - (-3 + 146)?
-128
(-5 + 6 - 2) + (50 - -1) + 3 + -11
42
Evaluate -10 + (-9 + -4 - -14) + 6 + -22 + 2.
-23
Evaluate -95 - (1919 - 1913 - (18 + 0)).
-83
26 + (138 + -115 - -28)
77
What is -4 - ((11 - (-24 + -70)) + -8 + 8 + -6)?
-103
What is 86 + -24 - 10 - 63?
-11
-8 + (22 - 23) + -5 - -18 - -55
59
(1191 + -1208 - (-1 - 49)) + -39
-6
Calculate -1 + 22 - ((-36 - -9) + 13).
35
43 + ((-17 - -20 - -6) + (-1 - 17) - 2)
32
Calculate (-1 - 9 - (79 + -68)) + 35.
14
Evaluate (9 - 9) + -10 + (0 - -10) - 50.
-50
(6 - (0 - (8 + -9))) + 3 + 2 - -3
13
Evaluate -13 + -51 + (0 + -6 - (21 - -32 - 49)).
-74
What is (-10 - (-20 + 8)) + 8 + -1?
9
What is the value of -41 - -11 - (-189 - -178) - (-100 + 0)?
81
Calculate (-8 - -2) + 14 + -14 - (-71 - -96).
-31
Evaluate (-12 - -8) + 47 + (0 - (-23 + 19)).
47
What is (1 - (6 - 7)) + -50 + (6 - 15 - -8)?
-49
Calculate -1 - -5 - (-98 - -37).
65
(0 - -11) + 49 + (10 - -3 - 25)
48
What is the value of -9 + -304 + 74 + 113?
-126
Evaluate 1 + -42 - (-34 + (-51 - -60)).
-16
What is 49 - (-166 - (-38 - 75))?
102
Calculate 9 + (21 + (-22 - -22) - 10).
20
What is -2 + 8 + (-8 - -17)?
15
What is 3 - (67 - (-5 - -9) - (-9 + -2 + 0))?
-71
Calculate (-30 - -200) + -72 - 99.
-1
-1 - (19 - 72) - 81
-29
Calculate -26 + -61 + (247 - 124).
36
Calculate -3 + -2 + (-11 - -11) - (19 - 16 - -29).
-37
What is -17 + 10 + -24 + (4 - 7)?
-34
What is the value of 9 + (-15 - (12 + -11 + 5 - 54))?
42
Calculate 91 - (21 + -2 + 212 + -260).
120
Evaluate (24 - 11) + 21 + -19 - 0.
15
7 - ((2 + 6 - 14 - 12) + 14)
11
Calculate -8 - (4 + 0 - ((2 - -5) + 0 + -7)).
-12
(-14 + 44 + -19 - -10) + -48
-27
-49 + 37 + -39 + 8
-43
Evaluate -8 - (-1 + 4) - (-5 + 1 - -21).
-28
What is the value of -6 + 5 + 7 + (-4 - (-29 - -11))?
20
Calculate 1 - (1 - 0) - ((78 - 142) + 95).
-31
Evaluate -8 + -8 + -82 + 10 + -14.
-102
Evaluate 79 + -55 - (38 - -4) - -79.
61
Evaluate 8 + (-43 - -17 - 56).
-74
8 + -50 + (6 - (-13 + -2 - -9))
-30
Calculate 5 + (137 - 135) + (-2 - -1 - 84) - 5.
-83
Evaluate (52 + -43 - 10) + 30.
29
Evaluate -5 + (-3 - -6 - -7) + 408 + -482.
-69
Calculate (-1 - 1 - -2) + 22 + -35 + -6 + -5.
-24
Calculate 15 - (-3 - 59 - (8 + 8 - 23)).
70
-18 + 23 - -17 - ((6 - 8) + 4 - -6)
14
-68 + 90 + (53 - 29) + 61
107
What is -16 - (-43 + (0 - 21) + (-13 - -37))?
24
Calculate (-9 - (12 + -22)) + (0 - -4) - (374 - 291).
-78
Evaluate -8 + 0 + (20 - (-45 + 33 - -19)).
5
What is the value of (0 - 61) + (-94 + 29 - -89)?
-37
What is the value of 564 + -531 - (58 - -2)?
-27
Calculate (-11 - 0) + (256 - (243 - 90) - (7 - -1)).
84
What is the value of (12 - (10 - (-27 + 12))) + 19 + 47?
53
Calculate 41 + -55 + (-10 - -7) + -2 + 162 + -9.
134
What is the value of -55 + 0 - (56 - (45 - -2) - (1 - 2))?
-65
What is the value of (1187 - 1245) + 98 + 0?
40
What is the value of (-104 - -91) + (6 - 0) + -8?
-15
0 + -113 - (-38 + 89 + -58)
-106
What is the value of (-2 - (-87 + -2)) + -19308 + 19264?
43
Evaluate -13 + 4 + -6 + -8 + 30.
7
Evaluate -74 - (8 + (-14 + 18 - (4 + 0)) - 17).
-65
-48 + -104 + 55 + 109
12
14 + 53 + -46 + 39
60
Evaluate -64 - -70 - 47 - -74.
33
What is the value of -5 + 25 + -49 - (2 - -4)?
-35
Evaluate 147 - -1 - (-15344 + 15467).
25
(5 - 7) + -2 - (-8 + -1) - (202 - 202)
5
-218 - -253 - (8 - (16 + 7))
50
What is the value of -99 + (-1470 - -1519) + (-23 - 2)?
-75
What is the value of 42 + (-47 - 13) - (4 - -16)?
-38
What is -11 + 0 + 71 + (22 - 0) + (-159 - -117)?
40
Evaluate 0 + (11 - (1 - -1)) + -2 + -27343 + 27318.
-18
What is 92 + 2 - (8554 - 8560 - (1 + (-15 - 0)))?
86
What is -3969 - -4001 - (1 - -74)?
-43
What is -71 - -114 - (-1 - -21)?
23
What is 79 + (-21 - -9) - ((-13 - -13) + 8)?
59
What is 7 + (4 - 35) + 12 - 8?
-20
Calculate (-35 - -21 - -7 - -16) + -5 + -7.
-3
Calculate -36 + -1 + (518 - 458).
23
Calculate -129 + (50 - -35) + 98.
54
Calculate (44 - (5 - -9)) + -35 - (1 - -24).
-30
What is the value of -4 + 0 + 6 + -44 + -12?
-54
Evaluate ((-3 - 14) + 3 - (-11 + -55)) + (-8 - -12).
56
(-1883 - -1800) + (128 - -1)
46
Calculate 28 - (43 - (54 + -4)).
35
Evaluate -21 - (5 - -84 - (12 + 4)) - (4 - -3).
-101
Evaluate (10 - (1 - 7 - (15 - 29))) + -36.
-34
What is the value of -24 + (1 + 4 - (8 + 6)) + (1 - -5)?
-27
-30 + -6 + -5 + (12 - 2) + -4
-35
Calculate -60 + 89 + 50 - 45.
34
What is the value of 20 + -26 + -77 + 4?
-79
What is (-50 - 5 - -46) + -34 - (-1 + -12)?
-30
What is the value of -20 - (36 - 95) - 85?
-46
What is -22 + 0 - ((-21 + 104 - 91) + -1 + 6)?
-19
Evaluate 115 - ((-25 - -91) + 30).
19
Calculate (5 + 2 - (-2 + 66)) + (-26 - (-2 - 9)).
-72
(0 - -10 - (355 - 343)) + 71 + -2
67
What is (-29 - 16 - -92) + 36 + -3?
80
What is (63 - (-99 + 64)) + -74 + -110 + 0?
-86
What is the value of 79 + -81 - (-11 + (-12 - -56))?
-35
Evaluate (-360 + 351 - (-2 - 16)) + (-1 - 11).
-3
What is -41 - (2 + (18 - 0) + -24)?
-37
Evaluate (-4 - 28) + 19 + (5 + -1 - 32).
-41
Calculate -8 + 2 + -13 + (13 - -5).
-1
32 + (-16 - (38 + -11)) - -18
7
What is the value of 37 + 127 + (-26